{"id":60,"date":"2019-02-19T15:25:58","date_gmt":"2019-02-19T15:25:58","guid":{"rendered":"http:\/\/xn--sngerbund-biberach-ltb.de\/?page_id=60"},"modified":"2025-02-04T15:00:15","modified_gmt":"2025-02-04T15:00:15","slug":"termine","status":"publish","type":"page","link":"https:\/\/xn--sngerbund-biberach-ltb.de\/?page_id=60","title":{"rendered":"Termine"},"content":{"rendered":"<p>Termine 2025<\/p>\n<p>16.Februar &#8211; Winterspaziergang<\/p>\n<p>16. M\u00e4rz &#8211; Gemeinsames Singen Sch\u00fctzenkellerhalle mit Kaffe und Kuchen<\/p>\n<p>15. Juli &#8211; Singen im B\u00fcrgerheim<\/p>\n<p>21.Juli &#8211; Singen vor der Sch\u00fctzenkellerhalle (Sch\u00fctzenmontag)<\/p>\n<p>&nbsp;<\/p>\n","protected":false},"excerpt":{"rendered":"<p>Termine 2025 16.Februar &#8211; Winterspaziergang 16. M\u00e4rz &#8211; Gemeinsames Singen Sch\u00fctzenkellerhalle mit Kaffe und Kuchen 15. Juli &#8211; Singen im B\u00fcrgerheim 21.Juli &#8211; Singen vor der Sch\u00fctzenkellerhalle (Sch\u00fctzenmontag) &nbsp;<\/p>\n","protected":false},"author":3,"featured_media":0,"parent":0,"menu_order":0,"comment_status":"closed","ping_status":"closed","template":"","meta":[],"_links":{"self":[{"href":"https:\/\/xn--sngerbund-biberach-ltb.de\/index.php?rest_route=\/wp\/v2\/pages\/60"}],"collection":[{"href":"https:\/\/xn--sngerbund-biberach-ltb.de\/index.php?rest_route=\/wp\/v2\/pages"}],"about":[{"href":"https:\/\/xn--sngerbund-biberach-ltb.de\/index.php?rest_route=\/wp\/v2\/types\/page"}],"author":[{"embeddable":true,"href":"https:\/\/xn--sngerbund-biberach-ltb.de\/index.php?rest_route=\/wp\/v2\/users\/3"}],"replies":[{"embeddable":true,"href":"https:\/\/xn--sngerbund-biberach-ltb.de\/index.php?rest_route=%2Fwp%2Fv2%2Fcomments&post=60"}],"version-history":[{"count":81,"href":"https:\/\/xn--sngerbund-biberach-ltb.de\/index.php?rest_route=\/wp\/v2\/pages\/60\/revisions"}],"predecessor-version":[{"id":574,"href":"https:\/\/xn--sngerbund-biberach-ltb.de\/index.php?rest_route=\/wp\/v2\/pages\/60\/revisions\/574"}],"wp:attachment":[{"href":"https:\/\/xn--sngerbund-biberach-ltb.de\/index.php?rest_route=%2Fwp%2Fv2%2Fmedia&parent=60"}],"curies":[{"name":"wp","href":"https:\/\/api.w.org\/{rel}","templated":true}]}}